 + 96. Let o be u(5). What is the tens digit of 2007/8 - o/(-88)?
5
Let i(n) = 45*n + 10. Let s(l) = l**2 - 10*l + 3. Let x be s(10). Let m be i(x). Suppose z + 5*a = 260, -2*z - 2*a + 625 = m. What is the hundreds digit of z?
2
Suppose v = -5*x + 11368, -4*v - 27*x = -29*x - 45604. What is the thousands digit of v?
1
Let t be ((-2)/(-1))/(2/44085). Suppose t - 9941 = 32*h. What is the tens digit of h?
6
Suppose 21*d - 2365 = 64*d. What is the hundreds digit of (1 - 0) + -24*(d + -4)?
4
Let p(m) = 22*m**2 + 163*m - 3011. What is the tens digit of p(19)?
2
Suppose -5*i - 4*a = 52, 4*i + 5 = a - 45. Let d(y) = 2*y**2 + 12*y - 19. What is the units digit of d(i)?
5
Let h be 136/32 + (-2)/8. Suppose -x + m = -219, 271 + 157 = 2*x - h*m. What is the hundreds digit of x?
2
Suppose 0*a + 126794 = 26*a + 226. What is the tens digit of a?
6
Suppose o + 5*j = 25, -4*o = 5*j - 46 - 54. Suppose -o = -f + 314. What is the hundreds digit of f?
3
Suppose -8*a + 189 = -3915. Suppose 0 = -g + 5*m + 501, -10*g + a = -9*g - m. What is the hundreds digit of g?
5
Let h(w) = -89*w + 40 - 75 + 26. What is the hundreds digit of h(-2)?
1
Suppose 75*h - 88*h + 26923 = 0. Suppose 2*m + u - 1382 = 0, 0 = 28*m - 31*m - u + h. What is the hundreds digit of m?
6
Suppose -l - 7*l = -336. Let f = 765 + l. What is the tens digit of f?
0
Let g be 474/36 - -1*1/(-6). Suppose -4*t + 3111 = g*t. What is the tens digit of t?
8
What is the tens digit of -1 - -18454 - (2 - (-7)/((-21)/12))?
5
Suppose 32*t + 49063 = 34*t + 7*c, 4*t = -3*c + 98093. What is the units digit of t?
1
Let t(a) = -18 + 17 + 0*a + 38 + 3*a. Let d be t(-11). Suppose -d*b = -39 - 125. What is the tens digit of b?
4
Let q(b) be the second derivative of b**4/6 + b**3/3 - 5*b**2/2 - 2*b. Let x be q(-2). What is the hundreds digit of (-675)/18*x*(-16)/(-5)?
1
What is the hundreds digit of (9/2)/((-5085)/(-38916070))?
4
Suppose 2*l - 8 = v, 5*v + 2*l + 28 = -0*l. What is the hundreds digit of 206 - ((-3)/v - (-3)/(-6))?
2
Suppose -4*g + 4 = 3*a - 1, 4*a + 4*g - 4 = 0. Let l(t) = -39*t + 13. What is the units digit of l(a)?
2
Suppose -2*v + 15082 = -4*c, 50*c - 45*c = v - 7559. What is the thousands digit of v?
7
Let j(x) = -33*x + 1143. Let s = 607 - 607. What is the units digit of j(s)?
3
Suppose 70*z + 52282 - 124331 = 312251. What is the tens digit of z?
9
Let b be ((-364)/8 - 0)*(-32 + 0). Suppose -4*p + 12*v + 60 = 8*v, 15 = -3*v. Suppose 18*q = p*q + b. What is the hundreds digit of q?
1
Suppose 28*x = -2*x + 207600. Suppose 150*a - x = 142*a. What is the tens digit of a?
6
Let p = 187 + -503. Let l = -215 - p. Let x = l + -13. What is the units digit of x?
8
Suppose 8719 + 17676 = 5*d. Suppose -5*v = -d - 1576. What is the hundreds digit of v?
3
Suppose 327964 = 25*d - 179386. What is the hundreds digit of d?
2
Let h(k) = -2*k**2 - 2*k + 58. Suppose 4*t = 11*t. Let m be h(t). Let d = 63 + m. What is the tens digit of d?
2
Suppose -118*z + 15931 = 3*t - 120*z, -2*t + z + 10619 = 0. What is the units digit of t?
7
Let p(h) = -5*h + 3. Let r be p(3). Let k(v) be the first derivative of v**3/3 + 2*v**2 - 14*v + 63. What is the units digit of k(r)?
2
Let z(w) = w**2 + 24*w + 34. Let l be 16/6*(-30)/(1 - 6). What is the tens digit of z(l)?
7
Let s(i) = 86*i**2 + 64*i - 204. What is the tens digit of s(3)?
6
Let p(k) = 12*k - 6. Let r(h) = -22*h + 3. Let d(v) = -5*p(v) - 4*r(v). Suppose 3*y + 6 = 5*y. What is the tens digit of d(y)?
0
Let c(z) = -z**2 + 13*z + 61. Let h be c(16). Suppose 0 = -h*r + 695 + 1996. What is the hundreds digit of r?
2
Let u be 38/323 + -1*(-19)/(-17). What is the hundreds digit of (u + 2 + 147)*247/38?
9
Suppose 0 = -28*z + 27*z + 141. What is the hundreds digit of (-70)/(-50)*10/6*z?
3
Let i = -5112 + 5359. What is the units digit of i?
7
What is the units digit of (-4 - 1) + 3539 + -4 + -3?
7
Suppose 16 = 4*t, 28608 + 12453 = 5*b - t. Suppose -b + 1913 = -10*a. What is the tens digit of a?
3
Let d(g) = -876*g - 1968. What is the thousands digit of d(-24)?
9
Suppose 0 = 3*m + m - 16, 29148 = -2*x + m. What is the tens digit of x*(-2)/48 - 3/18?
0
Let k(q) = -5*q**3 - 2*q**2 - 8*q - 9. Suppose 3*m + 56 = -11*m. What is the tens digit of k(m)?
1
Let f be 5 - ((-14)/(-4))/((-8)/55504). Suppose 0 = 5*q - 21*q + f. What is the thousands digit of q?
1
Let a = -588 + 1235. Let b = a + -1270. What is the units digit of -3 - (b/28 - 1/(-4))?
9
Suppose -4*x + 5*j = 25, 10 = -2*x - x + 2*j. Suppose -3*t + h - 16 + 96 = x, 5*t + 5*h - 140 = 0. What is the units digit of t?
7
What is the units digit of (-12092)/(-10) + 296/370?
0
Suppose -l - l - 55 = -3*r, 4*r + 4*l = 40. Suppose g + 38 = -2*q - 3*g, 0 = 3*g + r. Let m = 2 - q. What is the tens digit of m?
1
Suppose -36*u + 23*u + 364 = 0. Suppose -u*r = -22*r - 1644. What is the units digit of r?
4
Suppose -5*u + 12206 = n, 20 = 4*u + 12. What is the tens digit of n?
9
Suppose 15 = 58*n - 53*n. Suppose 1404 = 6*u + n*u. What is the units digit of u?
6
Let r(y) = -y**3 - 8*y**2 - 18*y - 28. Let i be r(-6). Suppose i*x = 2*d + 5*x - 144, d - 75 = 3*x. What is the tens digit of d?
6
Suppose -187*l = -38*l - 5713852. What is the units digit of l?
8
Let h = 56 - 68. Let l(n) = -n**3 - 9*n**2 + 5*n + 2. What is the hundreds digit of l(h)?
3
Let l(s) = 173*s**2 + 41*s + 84. What is the ten thousands digit of l(-22)?
8
Let g = -22 - -35. Suppose -113 = -d - g. Let w = -23 + d. What is the tens digit of w?
7
Let i = 6377 - -4227. What is the hundreds digit of i?
6
Let u(d) = -8*d + 32. Let l be u(4). Suppose l = 5*n + 597 - 2432. What is the hundreds digit of n?
3
Let u = 17 - 25. Let r be u/(-3 + 1165/385). Let t = r - -435. What is the tens digit of t?
2
Let l = -1573 + 3256. Suppose -9*d = -2*s - 5*d + 1658, -d + l = 2*s. What is the hundreds digit of s?
8
Let z be -5 + 211/4 - (-1)/4. Let d = 55 - z. Suppose h = -2*j + 91, 5*j + 358 = 4*h + d*j. What is the tens digit of h?
8
Let h = 56 - 46. Let d(q) = 2*q**3 - 19*q**2 + 52*q - 24. What is the units digit of d(h)?
6
Let y = 275 + -257. What is the hundreds digit of (-2 - 6/y)*-57?
1
Let a(u) = u + 4. Let r be a(-7). Let v = 306 - 310. What is the units digit of 142 - v - (r + -2)?
1
Let k(t) = 29*t**2 + 4*t - 50. What is the units digit of k(9)?
5
Suppose 2*q = -m + 606, q - 2*m = m + 317. Suppose 3*t + q = -4*v, -392 = 2*t + 2*t - 2*v. Let a = t + 273. What is the units digit of a?
4
Suppose -4*m + 6*m = -5*b + 8, 3*m + 3*b - 12 = 0. Suppose -2*t + 1283 = u, -2*t + m*u = t - 1908. What is the units digit of t?
0
Suppose -g + 6*g = -f + 720, 2*f - 3*g = 1414. Suppose 0 = 13*l + f - 2244. Suppose -13*m = -12*m - l. What is the units digit of m?
8
Let r be (-15 + 14)/(2/(-1082)). Let x = r + -304. What is the hundreds digit of x?
2
Suppose 32*j - 60*j = -90244. What is the units digit of j?
3
Suppose 0 = 341*r - 882410 - 509552. What is the tens digit of r?
8
Suppose -8*c = -5288 - 5648. What is the tens digit of c?
6
Let w = -108 + 44. Let y be (-4662)/(-30) - 3/15*2. Let g = w + y. What is the tens digit of g?
9
Let l = 3 + 217. Suppose -60 = 5*n + l. Let u = 80 + n. What is the tens digit of u?
2
What is the hundreds digit of (-525)/(-42)*(-53794)/(-65)?
3
Let w(v) be the second derivative of v**5/5 - v**4/6 + 5*v**3/6 - v**2 - v. Suppose -62 = u + 2*m - 60, -5*u + 18 = -4*m. What is the units digit of w(u)?
2
Suppose 12 - 2 = 2*t. Suppose t*v + 1 = -19. What is the tens digit of 13/v*-4 + -3?
1
Let y(b) = -3*b + 26. Let w be y(7). Let p be 950/8 + 6/24. Suppose -w*z - 9 + p = 0. What is the units digit of z?
2
Suppose -6*d + 9 = -21. Suppose 0 = -d*g + 892 + 2078. What is the tens digit of g?
9
Let o(r) = -r + 5. Let w be o(1). Suppose n - s - 141 = 0, w*s = s + 12. What is the tens digit of n?
4
Suppose 0 = -15*j + 206327 + 67198. Suppose 9*b - 44*b + j = 0. What is the tens digit of b?
2
Suppose 308*p = 328*p - 766800. What is the ten thousands digit of p?
3
Suppose -114*z - 134314 + 288010 = -1017426. What is the ten thousands digit of z?
1
Suppose -4*c + 36 = -4*b + 2*b, -72 = 4*b - 4*c. Let x(a) = -6*a - 23. Let v be x(-14). Let q = v + b. What is the tens digit of q?
4
Let r = 7117 - -10292. What is the units digit of r?
9
Let p(y) = y + 1. Let i(x) = 27*x - 66. Let g(r) = i(r) + 2*p(r). Le